etermine k(4).
-12
Let p(m) = -9*m**3 - 2*m. Give p(-2).
76
Let o(l) = -10*l - 69. Determine o(-7).
1
Let n(v) = 3*v**3 - 7*v**2 - 5*v - 5. Give n(3).
-2
Let s(c) = -c**3 - 9*c**2 + 11*c - 21. Determine s(-10).
-31
Let x(q) = -15*q + 5. What is x(3)?
-40
Let i(j) = 7*j**2 - 2*j + 2. Determine i(4).
106
Let c(u) = u**2 + 10*u + 5. What is c(-7)?
-16
Let s(r) = 2*r**2 - 5*r - 22. Determine s(-3).
11
Let g(x) = 52*x + 64. Determine g(-1).
12
Let d(k) = 2*k**3 - 21*k**2 - 9*k - 12. What is d(11)?
10
Let x(u) = -4*u**3. Give x(1).
-4
Let l(g) = 3*g**2 + 3*g - 4. Calculate l(-2).
2
Let b(y) = y**3 + 5*y**2 - 7*y - 3. Determine b(-6).
3
Let x(l) = -2*l - 13. Give x(-6).
-1
Let h(n) = 4*n**2 + 8*n + 44. What is h(-5)?
104
Let w(k) = k**2 + 6*k + 4. Determine w(-3).
-5
Let u(l) = -l**3 + 14*l**2 + 16*l + 16. Give u(15).
31
Let w(u) = 2*u**2 + 7*u + 7. Give w(-5).
22
Let o(h) = h - 6. Determine o(4).
-2
Let l(b) = -b**3 - 8*b**2 - 18*b - 2. What is l(-4)?
6
Let n(w) = -8*w + 86. Give n(5).
46
Let i(j) = -3*j**3 + j**2 + j + 4. Give i(-2).
30
Let w(a) = a + 6. Determine w(0).
6
Let j(t) = -t**2 + 2*t - 5. Determine j(-3).
-20
Let l(w) = -w - 2. Calculate l(-16).
14
Let f(z) = z**3 + 7*z**2 - 11*z + 6. What is f(-8)?
30
Let s(w) = w**2 + 18*w - 15. What is s(-18)?
-15
Let b(p) = -37*p - 65. What is b(-2)?
9
Let z(g) = -g**3 - 26*g**2 - 166*g - 17. Give z(-11).
-6
Let y(x) = 10*x**2. Calculate y(-1).
10
Let y(i) = -i**2 - 13*i - 1. Determine y(-12).
11
Let v(g) = g**2 - 6*g - 5. Give v(6).
-5
Let i(s) = -8*s**2 + 2*s + 22. Determine i(-4).
-114
Let g(z) = -2*z - 43. Calculate g(-18).
-7
Let t(m) = -8*m**2 - 4*m - 3. Calculate t(-1).
-7
Let q(f) = -2*f**2 + 43*f + 20. Determine q(22).
-2
Let i(n) = -n**3 + 14*n**2 + 15*n - 1. Calculate i(15).
-1
Let d(f) = f**3 + 6*f**2 - 10*f + 8. Give d(-8).
-40
Let t(v) = -39*v**2 + v. Calculate t(-1).
-40
Let b(d) = -d**3 + 3*d**2 + 2*d + 4. What is b(4)?
-4
Let n(c) = c**3 + 6*c**2 - c - 3. Calculate n(-6).
3
Let i(n) = -2*n - 13. Determine i(13).
-39
Let l(d) = -3*d - 49. Determine l(-5).
-34
Let m(v) = 21*v - 517. What is m(25)?
8
Let h(g) = -46*g - 99. What is h(-3)?
39
Let g(k) = k**2 - 25*k - 177. What is g(-6)?
9
Let f(d) = d**3 - 57*d**2 + 54*d + 118. What is f(56)?
6
Let z(o) = 2*o - 22. Calculate z(11).
0
Let f(h) = -6*h + 6. What is f(11)?
-60
Let z(j) = j**3 + 10*j**2 + 10*j + 28. What is z(-9)?
19
Let i(m) = -m**3 + 5*m**2 - m + 10. Give i(5).
5
Let t(s) = -s**3 - 5*s**2 + 10*s + 19. Calculate t(-6).
-5
Let l(h) = h**2 + 12*h - 19. What is l(-13)?
-6
Let a(l) = -l**3 - 3*l**2 + l + 1. What is a(-2)?
-5
Let b(k) = -8*k - 182. Give b(-20).
-22
Let w(s) = s - 43. Determine w(21).
-22
Let r(c) = 6*c + 4. Calculate r(6).
40
Let q(k) = k**3 - 5*k**2 - 7*k. What is q(6)?
-6
Let q(j) = 5*j - 26. Calculate q(10).
24
Let f(s) = s**2 + 8*s + 8. Determine f(-10).
28
Let v(f) = -5*f**2 + f + 12. Give v(4).
-64
Let a(d) = -4*d - 54. What is a(-14)?
2
Let w(d) = -d**3 - 6*d**2 - 5. What is w(-6)?
-5
Let l(f) = -f**3 - 22*f**2 + 45*f - 79. Determine l(-24).
-7
Let k(n) = -4*n**2 - 22*n + 26. Give k(-8).
-54
Let i(v) = -v**3 + 8*v**2 + 16*v - 10. Determine i(9).
53
Let o(w) = w**2 - 10*w + 13. What is o(9)?
4
Let h(q) = -8*q. What is h(5)?
-40
Let s(i) = -51*i - 86. Determine s(-2).
16
Let f(v) = 98*v**3 + v**2 - v - 1. Determine f(-1).
-97
Let t(j) = j + 4. Determine t(-4).
0
Let q(s) = 19*s**2 + 6*s - 1. Give q(-3).
152
Let a(p) = p**3 - 10*p**2 - 16*p + 79. Give a(11).
24
Let d(q) = -5*q - 24. Calculate d(-12).
36
Let f(p) = -30*p + 35. Determine f(6).
-145
Let l(p) = p**3 + 6*p**2 + 2*p + 7. What is l(-5)?
22
Let b(m) = m - 3. What is b(1)?
-2
Let d(y) = -40*y**3 - y**2 - 2*y. Give d(-1).
41
Let m(n) = -2*n**3 - 3*n**2 + n + 1. What is m(-2)?
3
Let o(c) = c**2 - 24*c + 94. Calculate o(17).
-25
Let p(l) = 5*l**3 + 26*l**2 + 7*l + 5. What is p(-5)?
-5
Let q(j) = 5*j - 4. Calculate q(2).
6
Let t(a) = a**2 + 43*a - 175. What is t(-46)?
-37
Let r(w) = w**3 + 26*w**2 + 2*w + 25. Calculate r(-26).
-27
Let a(y) = -8*y + 18. What is a(8)?
-46
Let b(q) = -69*q**3 + 2*q + 1. Give b(-1).
68
Let g(c) = c**2 + 20*c + 19. Calculate g(-10).
-81
Let q(l) = -l**3 + 8*l**2 - 3*l + 2. Give q(8).
-22
Let o(s) = -s**3 + 13*s**2 + 14*s + 13. Determine o(14).
13
Let d(a) = 27*a + 2. Calculate d(-2).
-52
Let i(s) = 18*s**2. Determine i(-1).
18
Let y(z) = -z**2 + 3*z + 43. Give y(8).
3
Let g(h) = h**3 - 21*h**2 - h + 49. Calculate g(21).
28
Let x(a) = a**3 - 6*a**2 - 10*a + 15. Determine x(7).
-6
Let z(t) = -t - 1. Calculate z(-5).
4
Let z(u) = -12*u**3 - u**2 - 6*u + 6. Calculate z(1).
-13
Let n(l) = -2*l**2 + 3*l + 6. Determine n(5).
-29
Let d(y) = 16*y - 9. What is d(-3)?
-57
Let c(k) = -k**2 + 1. Calculate c(1).
0
Let r(k) = k**2 + 15*k - 13. Calculate r(-13).
-39
Let a(h) = h. Determine a(0).
0
Let m(g) = 12*g**2 + 25*g - 2. What is m(-3)?
31
Let f(t) = 2*t**2 + 23*t - 45. What is f(-13)?
-6
Let h(f) = -f**3 - 19*f**2 - 34*f + 9. Calculate h(-17).
9
Let c(w) = w**3 - 2*w**2 - 101*w - 17. Calculate c(-9).
1
Let t(r) = 3*r**2 - 93*r + 93. Calculate t(30).
3
Let v(c) = 9*c**2 - 9*c - 4. Calculate v(4).
104
Let g(a) = -116*a - 711. Determine g(-6).
-15
Let i(z) = z**3 + 2*z**2 + z + 3. Determine i(-2).
1
Let v(f) = -f**3 + 8*f**2 + 15*f - 40. Calculate v(9).
14
Let x(i) = -i**3 - 5*i**2 + 4*i + 27. What is x(-3)?
-3
Let v(t) = -t**3 + 39*t**2 - 8. Calculate v(39).
-8
Let n(h) = -h**3 + 9*h**2 - 13*h - 19. Give n(7).
-12
Let g(z) = z**2 + 3*z - 7. Calculate g(3).
11
Let m(i) = -25*i + 48. Give m(2).
-2
Let q(h) = 21*h - 344. Give q(16).
-8
Let m(g) = -3*g + 14. Calculate m(-4).
26
Let o(y) = y**3 - 4*y**2 + 2*y - 9. Calculate o(4).
-1
Let f(h) = -h**3 + 3*h**2 - 3*h + 5. Determine f(4).
-23
Let d(j) = j**3 + 8*j**2 - 11*j + 2. What is d(-9)?
20
Let t(n) = -58*n**3 - 3*n**2 - n + 1. What is t(-1)?
57
Let q(b) = 2*b**3 - 11*b**2 + 17*b - 5. What is q(3)?
1
Let s(t) = -9*t + 138. What is s(15)?
3
Let z(g) = -21*g**2 - 1. Give z(1).
-22
Let g(d) = -17*d + 98. Calculate g(8).
-38
Let d(q) = q**3 + 8*q**2 + 8*q - 2. Give d(-7).
-9
Let h(l) = l**2 + 2*l - 30. Calculate h(-7).
5
Let y(q) = -q**2 - 3*q + 59. Calculate y(7).
-11
Let a(o) = -o**3 + 3*o**2 + 9*o + 11. What is a(5)?
6
Let u(r) = 3*r**3 + 2*r**2 - r. Determine u(1).
4
Let z(j) = -65*j**3 + 2*j**2 - 1. Give z(1).
-64
Let o(x) = x**3 - 5*x**2 + x. Give o(5).
5
Let x(g) = g**2 - 11*g + 1. Give x(9).
-17
Let p(f) = -122*f + 1104. Give p(9).
6
Let g(f) = -f**3 + 5*f**2 + 6*f + 6. What is g(6)?
6
Let b(z) = -z**2 + 20*z - 33. Determine b(19).
-14
Let c(i) = -i - 8. Give c(-8).
0
Let f(y) = -16*y**2 + 3*y + 2. What is f(-1)?
-17
Let r(i) = 3*i**2 - 8*i - 35. Give r(-3).
16
Let g(n) = 2*n**2 - 46*n + 130. Give g(3).
10
Let z(x) = x**2 - 8*x - 18. What is z(10)?
2
Let k(m) = -m**3 - 23*m**2 + m + 29. What is k(-23)?
6
Let v(u) = 3*u**3 - 2*u**2 - u + 2. Determine v(1).
2
Let b(u) = -u**2 + 17*u - 32. What is b(14)?
10
Let a(f) = -f**3 - 40*f**2 + 3*f + 118. Determine a(-40).
-2
Let p(l) = l**3 + 6*l**2 - l - 2. Determine p(-6).
4
Let x(r) = -r**3 + 15*r**2 + r - 7. Determine x(15).
8
Let l(h) = -h**2 - 11*h - 2. Calculate l(-10).
8
Let r(m) = m**2 + 17*m - 142. Give r(-23).
-4
Let y(d) = -d - 2. Calculate y(2).
-4
Let x(z) = z - 28. What is x(15)?
-13
Let o(l) = -6*l**2 + 100*l + 36. Give o(17).
2
Let n(m) = -10*m**2 + 1. What is n(1)?
-9
Let d(x) = 2*x - 26. Determine d(10).
-6
Let y(k) = -47*k - 324. What is y(-7)?
5
Let w(c) = c**2 - 3*c - 6. Give w(3).
-6
Let x(z) = -z**2 + 10*z. Calculate x(13).
-39
Let x(v) = -3*v. What is x(-4)?
12
Let i(j) = -j**2 + 17*j - 29. Determine i(15).
1
Let d(j) = -2*j**3 - 14*j**2 + j + 3. What is d(-7)?
-4
Let t(w) = -4*w**2 - 12*w + 19. What is t(-5)?
-21
Let i(x) = 2*x**3 - 9*x**2 + 12*x. Determine i(2).
4
Let j(r) = 3*r - 16. Give j(-11).
-49
Let q(b) = -12*b - 2. Calculate q(2).
-26
Let z(p) = -5*p - 37. Calculate z(-7).
-2
Let q(v) = -v**3 + 18*v**2 + 40*v - 406. Determine q(19).
-7
Let z(i) = -2*i + 12. Give z(5).
2
Let l(c) = 11*c - 15. Give l(2).
7
Let y(o) = 6*o + 8. Determine y(-4).
-16
Let f(s) = s**2 + 17*s - 86. Determine f(-21).
-2
Let f(k) = 4*k + 55. Give f(-18).
-17
Let t(o) = 2*o**2 - 54*o + 249. Give t(6).
-3
Let r(m) = m**2 - 22*m + 15. Calc